{"id":77,"date":"2018-03-11T00:14:06","date_gmt":"2018-03-10T23:14:06","guid":{"rendered":"http:\/\/esperancechavagne.fr\/tiralarc\/?page_id=77"},"modified":"2018-10-12T12:30:29","modified_gmt":"2018-10-12T10:30:29","slug":"technique-de-tir","status":"publish","type":"page","link":"https:\/\/esperancechavagne.fr\/tiralarc\/le-tir-a-l-arc\/technique-de-tir\/","title":{"rendered":"Technique de tir"},"content":{"rendered":"<p>Quelques liens vers des vid\u00e9os int\u00e9ressantes pour parfaire votre technique.<\/p>\n<p>FFTA : Vid\u00e9os <a href=\"http:\/\/www.ffta.fr\/medias\/serie-video-tirez-juste-la-demarche-federale-denseignement\">\u00ab\u00a0tirez juste\u00a0\u00bb<\/a><\/p>\n<p>World Archery : <a href=\"https:\/\/worldarchery.org\/fr\/news\/148719\/9-erreurs-communes-au-tir-larc-poulies-et-comment-les-corriger\">erreurs fr\u00e9quentes<\/a><\/p>\n","protected":false},"excerpt":{"rendered":"<p>Quelques liens vers des vid\u00e9os int\u00e9ressantes pour parfaire votre technique. FFTA : Vid\u00e9os \u00ab\u00a0tirez juste\u00a0\u00bb World Archery : erreurs fr\u00e9quentes<span class=\"more-link\"><a href=\"https:\/\/esperancechavagne.fr\/tiralarc\/le-tir-a-l-arc\/technique-de-tir\/\">&raquo; Lire la suite &laquo;<\/a><\/span><\/p>\n","protected":false},"author":1,"featured_media":0,"parent":4,"menu_order":1,"comment_status":"closed","ping_status":"closed","template":"","meta":{"_crdt_document":"","ghostkit_customizer_options":"","ghostkit_custom_css":"","ghostkit_custom_js_head":"","ghostkit_custom_js_foot":"","ghostkit_typography":"","_themeisle_gutenberg_block_has_review":false,"footnotes":""},"class_list":["entry","author-damienm","post-77","page","type-page","status-publish"],"_links":{"self":[{"href":"https:\/\/esperancechavagne.fr\/tiralarc\/wp-json\/wp\/v2\/pages\/77","targetHints":{"allow":["GET"]}}],"collection":[{"href":"https:\/\/esperancechavagne.fr\/tiralarc\/wp-json\/wp\/v2\/pages"}],"about":[{"href":"https:\/\/esperancechavagne.fr\/tiralarc\/wp-json\/wp\/v2\/types\/page"}],"author":[{"embeddable":true,"href":"https:\/\/esperancechavagne.fr\/tiralarc\/wp-json\/wp\/v2\/users\/1"}],"replies":[{"embeddable":true,"href":"https:\/\/esperancechavagne.fr\/tiralarc\/wp-json\/wp\/v2\/comments?post=77"}],"version-history":[{"count":4,"href":"https:\/\/esperancechavagne.fr\/tiralarc\/wp-json\/wp\/v2\/pages\/77\/revisions"}],"predecessor-version":[{"id":247,"href":"https:\/\/esperancechavagne.fr\/tiralarc\/wp-json\/wp\/v2\/pages\/77\/revisions\/247"}],"up":[{"embeddable":true,"href":"https:\/\/esperancechavagne.fr\/tiralarc\/wp-json\/wp\/v2\/pages\/4"}],"wp:attachment":[{"href":"https:\/\/esperancechavagne.fr\/tiralarc\/wp-json\/wp\/v2\/media?parent=77"}],"curies":[{"name":"wp","href":"https:\/\/api.w.org\/{rel}","templated":true}]}}