{"id":48,"date":"2018-03-10T00:46:17","date_gmt":"2018-03-09T23:46:17","guid":{"rendered":"http:\/\/esperancechavagne.fr\/tiralarc\/?page_id=48"},"modified":"2021-09-23T10:20:17","modified_gmt":"2021-09-23T08:20:17","slug":"les-disciplines","status":"publish","type":"page","link":"https:\/\/esperancechavagne.fr\/tiralarc\/les-disciplines\/","title":{"rendered":"Les disciplines officielles"},"content":{"rendered":"\n<h2 class=\"wp-block-heading\">Tir sur cibles<\/h2>\n\n\n\n<div class=\"wp-block-themeisle-blocks-advanced-columns has-2-columns has-desktop-equal-layout has-tablet-equal-layout has-mobile-collapsedRows-layout has-default-gap has-vertical-unset\" id=\"wp-block-themeisle-blocks-advanced-columns-8aff56b3\"><div class=\"wp-block-themeisle-blocks-advanced-columns-overlay\"><\/div><div class=\"innerblocks-wrap\">\n<div class=\"wp-block-themeisle-blocks-advanced-column\" id=\"wp-block-themeisle-blocks-advanced-column-ee8406a8\">\n<div class=\"wp-block-cover has-background-dim-40 has-background-dim\"><img loading=\"lazy\" decoding=\"async\" width=\"600\" height=\"300\" class=\"wp-block-cover__image-background wp-image-2180\" alt=\"tir-en-salle\" src=\"https:\/\/esperancechavagne.fr\/tiralarc\/wp-content\/uploads\/design\/pages\/Tir-en-salle_CD2008.jpg\" data-object-fit=\"cover\" srcset=\"https:\/\/esperancechavagne.fr\/tiralarc\/wp-content\/uploads\/design\/pages\/Tir-en-salle_CD2008.jpg 600w, https:\/\/esperancechavagne.fr\/tiralarc\/wp-content\/uploads\/design\/pages\/Tir-en-salle_CD2008-340x170.jpg 340w, https:\/\/esperancechavagne.fr\/tiralarc\/wp-content\/uploads\/design\/pages\/Tir-en-salle_CD2008-465x233.jpg 465w\" sizes=\"auto, (max-width: 600px) 100vw, 600px\" \/><div class=\"wp-block-cover__inner-container is-layout-flow wp-block-cover-is-layout-flow\">\n<h3 class=\"wp-block-heading\">Le tir en salle<\/h3>\n\n\n\n<p class=\"has-normal-font-size wp-block-paragraph\">Le tir en salle se pratique g\u00e9n\u00e9ralement entre le mois de septembre et le mois de mars de l\u2019ann\u00e9e suivante.<\/p>\n\n\n\n<div class=\"wp-block-buttons is-content-justification-center is-layout-flex wp-block-buttons-is-layout-flex\">\n<div class=\"wp-block-button is-style-fill\"><a class=\"wp-block-button__link\" href=\"https:\/\/esperancechavagne.fr\/tiralarc\/les-disciplines\/le-tir-en-salle\/\" style=\"border-radius:5px;padding-top:5px;padding-right:10px;padding-bottom:5px;padding-left:10px\">Lire la suite \u2192<\/a><\/div>\n<\/div>\n<\/div><\/div>\n<\/div>\n\n\n\n<div class=\"wp-block-themeisle-blocks-advanced-column\" id=\"wp-block-themeisle-blocks-advanced-column-6661821a\">\n<div class=\"wp-block-cover has-background-dim-30 has-background-dim\"><img loading=\"lazy\" decoding=\"async\" width=\"600\" height=\"300\" class=\"wp-block-cover__image-background wp-image-2176\" alt=\"TAE\" src=\"https:\/\/esperancechavagne.fr\/tiralarc\/wp-content\/uploads\/design\/pages\/Tir-FITA-Chavagne1.jpg\" data-object-fit=\"cover\" srcset=\"https:\/\/esperancechavagne.fr\/tiralarc\/wp-content\/uploads\/design\/pages\/Tir-FITA-Chavagne1.jpg 600w, https:\/\/esperancechavagne.fr\/tiralarc\/wp-content\/uploads\/design\/pages\/Tir-FITA-Chavagne1-340x170.jpg 340w, https:\/\/esperancechavagne.fr\/tiralarc\/wp-content\/uploads\/design\/pages\/Tir-FITA-Chavagne1-465x233.jpg 465w\" sizes=\"auto, (max-width: 600px) 100vw, 600px\" \/><div class=\"wp-block-cover__inner-container is-layout-flow wp-block-cover-is-layout-flow\">\n<h3 class=\"wp-block-heading\">Le Tir \u00e0 l&rsquo;Arc Ext\u00e9rieur<\/h3>\n\n\n\n<p class=\"has-normal-font-size wp-block-paragraph\">Le Tir \u00e0 l\u2019Arc Ext\u00e9rieur (TAE) est une appellation qui regroupe deux disciplines :<br>le \u00ab Tir \u00e0 l\u2019Arc Ext\u00e9rieur discipline internationale \u00bb,<br>le \u00ab Tir \u00e0 l\u2019Arc Ext\u00e9rieur \u00e0 50m sur blason de 122 \u00bb.<\/p>\n\n\n\n<div class=\"wp-block-buttons is-content-justification-center is-layout-flex wp-block-buttons-is-layout-flex\">\n<div class=\"wp-block-button\"><a class=\"wp-block-button__link\" href=\"https:\/\/esperancechavagne.fr\/tiralarc\/les-disciplines\/le-tir-a-larc-exterieur\/\" style=\"border-radius:5px;padding-top:5px;padding-right:10px;padding-bottom:5px;padding-left:10px\">Lire la suite \u2192<\/a><\/div>\n<\/div>\n<\/div><\/div>\n<\/div>\n<\/div><\/div>\n\n\n\n<h2 class=\"wp-block-heading\">Tir de parcours<\/h2>\n\n\n\n<div class=\"wp-block-themeisle-blocks-advanced-columns has-3-columns has-desktop-equal-layout has-tablet-equal-layout has-mobile-collapsedRows-layout has-default-gap has-vertical-unset\" id=\"wp-block-themeisle-blocks-advanced-columns-d9ad8fdf\"><div class=\"wp-block-themeisle-blocks-advanced-columns-overlay\"><\/div><div class=\"innerblocks-wrap\">\n<div class=\"wp-block-themeisle-blocks-advanced-column\" id=\"wp-block-themeisle-blocks-advanced-column-6d41ccf3\">\n<div class=\"wp-block-cover has-background-dim-30 has-background-dim\"><img loading=\"lazy\" decoding=\"async\" width=\"657\" height=\"492\" class=\"wp-block-cover__image-background wp-image-4432\" alt=\"Tir en campagne\" src=\"https:\/\/esperancechavagne.fr\/tiralarc\/wp-content\/uploads\/design\/pages\/tir-campagne.jpg\" data-object-fit=\"cover\" srcset=\"https:\/\/esperancechavagne.fr\/tiralarc\/wp-content\/uploads\/design\/pages\/tir-campagne.jpg 657w, https:\/\/esperancechavagne.fr\/tiralarc\/wp-content\/uploads\/design\/pages\/tir-campagne-340x255.jpg 340w, https:\/\/esperancechavagne.fr\/tiralarc\/wp-content\/uploads\/design\/pages\/tir-campagne-465x348.jpg 465w\" sizes=\"auto, (max-width: 657px) 100vw, 657px\" \/><div class=\"wp-block-cover__inner-container is-layout-flow wp-block-cover-is-layout-flow\">\n<h3 class=\"wp-block-heading\">Le tir en campagne<\/h3>\n\n\n\n<p class=\"has-text-align-left has-normal-font-size wp-block-paragraph\">Le tir en campagne se d\u00e9roule sur un parcours multi-cibles sur tous types de terrain.<\/p>\n\n\n\n<div class=\"wp-block-buttons is-content-justification-center is-layout-flex wp-block-buttons-is-layout-flex\">\n<div class=\"wp-block-button\"><a class=\"wp-block-button__link\" href=\"https:\/\/esperancechavagne.fr\/tiralarc\/les-disciplines\/le-tir-en-campagne\/\" style=\"border-radius:5px;padding-top:5px;padding-right:10px;padding-bottom:5px;padding-left:10px\">Lire la suite \u2192<\/a><\/div>\n<\/div>\n<\/div><\/div>\n<\/div>\n\n\n\n<div class=\"wp-block-themeisle-blocks-advanced-column\" id=\"wp-block-themeisle-blocks-advanced-column-78f06f69\">\n<div class=\"wp-block-cover has-background-dim-60 has-background-dim\"><img loading=\"lazy\" decoding=\"async\" width=\"1024\" height=\"768\" class=\"wp-block-cover__image-background wp-image-4451\" alt=\"Le tir 3D\" src=\"https:\/\/esperancechavagne.fr\/tiralarc\/wp-content\/uploads\/design\/pages\/3d.jpg\" style=\"object-position:49% 59%\" data-object-fit=\"cover\" data-object-position=\"49% 59%\" srcset=\"https:\/\/esperancechavagne.fr\/tiralarc\/wp-content\/uploads\/design\/pages\/3d.jpg 1024w, https:\/\/esperancechavagne.fr\/tiralarc\/wp-content\/uploads\/design\/pages\/3d-340x255.jpg 340w, https:\/\/esperancechavagne.fr\/tiralarc\/wp-content\/uploads\/design\/pages\/3d-768x576.jpg 768w, https:\/\/esperancechavagne.fr\/tiralarc\/wp-content\/uploads\/design\/pages\/3d-465x349.jpg 465w, https:\/\/esperancechavagne.fr\/tiralarc\/wp-content\/uploads\/design\/pages\/3d-667x500.jpg 667w\" sizes=\"auto, (max-width: 1024px) 100vw, 1024px\" \/><div class=\"wp-block-cover__inner-container is-layout-flow wp-block-cover-is-layout-flow\">\n<h3 class=\"wp-block-heading\">Le Tir 3D<\/h3>\n\n\n\n<p class=\"has-normal-font-size wp-block-paragraph\">Le tir 3D se pratique g\u00e9n\u00e9ralement de mars \u00e0 novembre, sur un terrain vari\u00e9, en pleine nature \u2013 for\u00eat, prairie\u2026<\/p>\n\n\n\n<div class=\"wp-block-buttons is-content-justification-center is-layout-flex wp-block-buttons-is-layout-flex\">\n<div class=\"wp-block-button\"><a class=\"wp-block-button__link\" href=\"https:\/\/esperancechavagne.fr\/tiralarc\/les-disciplines\/le-tir-3d\/\" style=\"border-radius:5px;padding-top:5px;padding-right:10px;padding-bottom:5px;padding-left:10px\">Lire la suite \u2192<\/a><\/div>\n<\/div>\n<\/div><\/div>\n<\/div>\n\n\n\n<div class=\"wp-block-themeisle-blocks-advanced-column\" id=\"wp-block-themeisle-blocks-advanced-column-4f84c26f\">\n<div class=\"wp-block-cover has-background-dim-40 has-background-dim\"><img loading=\"lazy\" decoding=\"async\" width=\"657\" height=\"492\" class=\"wp-block-cover__image-background wp-image-4519\" alt=\"Le tir Nature\" src=\"https:\/\/esperancechavagne.fr\/tiralarc\/wp-content\/uploads\/design\/pages\/tir-nature.jpg\" style=\"object-position:46% 54%\" data-object-fit=\"cover\" data-object-position=\"46% 54%\" srcset=\"https:\/\/esperancechavagne.fr\/tiralarc\/wp-content\/uploads\/design\/pages\/tir-nature.jpg 657w, https:\/\/esperancechavagne.fr\/tiralarc\/wp-content\/uploads\/design\/pages\/tir-nature-340x255.jpg 340w, https:\/\/esperancechavagne.fr\/tiralarc\/wp-content\/uploads\/design\/pages\/tir-nature-465x348.jpg 465w\" sizes=\"auto, (max-width: 657px) 100vw, 657px\" \/><div class=\"wp-block-cover__inner-container is-layout-flow wp-block-cover-is-layout-flow\">\n<h3 class=\"wp-block-heading\">Tir Nature<\/h3>\n\n\n\n<p class=\"has-text-align-left has-normal-font-size wp-block-paragraph\">Discipline de parcours au m\u00eame titre que le Tir en campagne et le Tir 3D, le Tir nature se rapproche essentiellement de cette derni\u00e8re en ce qu\u2019elle propose aux archers de tirer sur des cibles animali\u00e8res en papier.<\/p>\n\n\n\n<div class=\"wp-block-buttons is-content-justification-center is-layout-flex wp-block-buttons-is-layout-flex\">\n<div class=\"wp-block-button\"><a class=\"wp-block-button__link\" href=\"https:\/\/esperancechavagne.fr\/tiralarc\/les-disciplines\/le-tir-nature\/\" style=\"border-radius:5px;padding-top:5px;padding-right:10px;padding-bottom:5px;padding-left:10px\">Lire la suite \u2192<\/a><\/div>\n<\/div>\n<\/div><\/div>\n<\/div>\n<\/div><\/div>\n\n\n\n<div class=\"wp-block-themeisle-blocks-advanced-columns has-2-columns has-desktop-equal-layout has-tablet-equal-layout has-mobile-collapsedRows-layout has-wide-gap has-vertical-unset\" id=\"wp-block-themeisle-blocks-advanced-columns-c6b2872b\"><div class=\"wp-block-themeisle-blocks-advanced-columns-overlay\"><\/div><div class=\"innerblocks-wrap\">\n<div class=\"wp-block-themeisle-blocks-advanced-column\" id=\"wp-block-themeisle-blocks-advanced-column-cf33737d\">\n<h2 class=\"wp-block-heading\">Le tir Beursault<\/h2>\n\n\n\n<div class=\"wp-block-cover has-background-dim-70 has-accent-font-background-color has-background-dim\"><img loading=\"lazy\" decoding=\"async\" width=\"150\" height=\"150\" class=\"wp-block-cover__image-background wp-image-981\" alt=\"beursault.png\" src=\"https:\/\/esperancechavagne.fr\/tiralarc\/wp-content\/uploads\/design\/calendrier\/beursault.png\" data-object-fit=\"cover\"\/><div class=\"wp-block-cover__inner-container is-layout-flow wp-block-cover-is-layout-flow\">\n<h3 class=\"has-black-color has-text-color wp-block-heading\">Le tir Beursault<\/h3>\n\n\n\n<p class=\"has-black-color has-text-color has-normal-font-size wp-block-paragraph\">Le tir beursault, \u00e9galement appel\u00e9 de nos jours \u00ab\u00a0beursault\u00a0\u00bb, \u00ab\u00a0jeu beursault\u00a0\u00bb ou encore \u00ab\u00a0noble jeu de l&rsquo;arc\u00a0\u00bb, se pratique en France depuis plus de sept si\u00e8cles dans les jardins d\u2019arc. Plusieurs enluminures du XIV\u00e8me si\u00e8cle attestent d\u00e9j\u00e0 la pratique de ce tir particulier en aller-retour.<\/p>\n\n\n\n<div class=\"wp-block-buttons is-content-justification-center is-layout-flex wp-block-buttons-is-layout-flex\">\n<div class=\"wp-block-button\"><a class=\"wp-block-button__link\" href=\"https:\/\/esperancechavagne.fr\/tiralarc\/les-disciplines\/le-tir-beursault\/\" style=\"border-radius:5px;padding-top:5px;padding-right:10px;padding-bottom:5px;padding-left:10px\">Lire la suite \u2192<\/a><\/div>\n<\/div>\n<\/div><\/div>\n<\/div>\n\n\n\n<div class=\"wp-block-themeisle-blocks-advanced-column\" id=\"wp-block-themeisle-blocks-advanced-column-d0cad138\">\n<h2 class=\"wp-block-heading\">Le Run Archery<\/h2>\n\n\n\n<div class=\"wp-block-cover has-background-dim-70 has-accent-font-background-color has-background-dim\"><img loading=\"lazy\" decoding=\"async\" width=\"150\" height=\"150\" class=\"wp-block-cover__image-background wp-image-2050\" alt=\"run-archery.png\" src=\"https:\/\/esperancechavagne.fr\/tiralarc\/wp-content\/uploads\/design\/calendrier\/run-archery.png\" data-object-fit=\"cover\"\/><div class=\"wp-block-cover__inner-container is-layout-flow wp-block-cover-is-layout-flow\">\n<h3 class=\"has-black-color has-text-color wp-block-heading\">Le Run Archery<\/h3>\n\n\n\n<p class=\"has-black-color has-text-color has-normal-font-size wp-block-paragraph\">A l&rsquo;image du Biathlon, le Run Archery est une discipline combin\u00e9e.<\/p>\n\n\n\n<p class=\"has-black-color has-text-color has-normal-font-size wp-block-paragraph\">Parfaitement en phase avec une logique sportive, cette discipline permet d&rsquo;alterner des phases o\u00f9 le syst\u00e8me cardio-ventilatoire va \u00eatre mis \u00e0 l&rsquo;\u00e9preuve avec des phases plus calmes o\u00f9 la ma\u00eetrise de soi et la concentration seront de rigueur pour obtenir un tir pr\u00e9cis.<\/p>\n\n\n\n<div class=\"wp-block-buttons is-content-justification-center is-layout-flex wp-block-buttons-is-layout-flex\">\n<div class=\"wp-block-button\"><a class=\"wp-block-button__link\" href=\"https:\/\/esperancechavagne.fr\/tiralarc\/les-disciplines\/run-archery\/\" style=\"border-radius:5px;padding-top:5px;padding-right:10px;padding-bottom:5px;padding-left:10px\">Lire la suite \u2192<\/a><\/div>\n<\/div>\n<\/div><\/div>\n<\/div>\n<\/div><\/div>\n\n\n\n<p class=\"wp-block-paragraph\"><\/p>\n","protected":false},"excerpt":{"rendered":"<p>Tir sur cibles Tir de parcours<span class=\"more-link\"><a href=\"https:\/\/esperancechavagne.fr\/tiralarc\/les-disciplines\/\">&raquo; Lire la suite &laquo;<\/a><\/span><\/p>\n","protected":false},"author":1,"featured_media":0,"parent":0,"menu_order":0,"comment_status":"closed","ping_status":"closed","template":"","meta":{"_crdt_document":"","ghostkit_customizer_options":"","ghostkit_custom_css":"","ghostkit_custom_js_head":"","ghostkit_custom_js_foot":"","ghostkit_typography":"","_themeisle_gutenberg_block_has_review":false,"footnotes":""},"class_list":["entry","author-damienm","post-48","page","type-page","status-publish"],"_links":{"self":[{"href":"https:\/\/esperancechavagne.fr\/tiralarc\/wp-json\/wp\/v2\/pages\/48","targetHints":{"allow":["GET"]}}],"collection":[{"href":"https:\/\/esperancechavagne.fr\/tiralarc\/wp-json\/wp\/v2\/pages"}],"about":[{"href":"https:\/\/esperancechavagne.fr\/tiralarc\/wp-json\/wp\/v2\/types\/page"}],"author":[{"embeddable":true,"href":"https:\/\/esperancechavagne.fr\/tiralarc\/wp-json\/wp\/v2\/users\/1"}],"replies":[{"embeddable":true,"href":"https:\/\/esperancechavagne.fr\/tiralarc\/wp-json\/wp\/v2\/comments?post=48"}],"version-history":[{"count":35,"href":"https:\/\/esperancechavagne.fr\/tiralarc\/wp-json\/wp\/v2\/pages\/48\/revisions"}],"predecessor-version":[{"id":4524,"href":"https:\/\/esperancechavagne.fr\/tiralarc\/wp-json\/wp\/v2\/pages\/48\/revisions\/4524"}],"wp:attachment":[{"href":"https:\/\/esperancechavagne.fr\/tiralarc\/wp-json\/wp\/v2\/media?parent=48"}],"curies":[{"name":"wp","href":"https:\/\/api.w.org\/{rel}","templated":true}]}}