{"id":2,"date":"2018-03-03T12:20:28","date_gmt":"2018-03-03T11:20:28","guid":{"rendered":"http:\/\/esperancechavagne.fr\/tiralarc\/?page_id=2"},"modified":"2024-08-17T21:43:01","modified_gmt":"2024-08-17T19:43:01","slug":"liens","status":"publish","type":"page","link":"https:\/\/esperancechavagne.fr\/tiralarc\/liens\/","title":{"rendered":"Liens"},"content":{"rendered":"\n<div id=\"wp-block-themeisle-blocks-button-group-8e92b45f\" class=\"wp-block-themeisle-blocks-button-group wp-block-buttons align-center-desktop\">\n<div id=\"wp-block-themeisle-blocks-button-29e8a047\" class=\"wp-block-themeisle-blocks-button wp-block-button is-style-outline ticss-26af0e63\"><a href=\"https:\/\/esperancechavagne.fr\" target=\"_self\" rel=\"noopener noreferrer\" class=\"wp-block-button__link\"><span><img loading=\"lazy\" decoding=\"async\" width=\"350\" height=\"143\" class=\"wp-image-8365\" style=\"width: 350px;\" src=\"https:\/\/esperancechavagne.fr\/tiralarc\/wp-content\/uploads\/design\/Logo_Esperance_2024_v1.2_contour.svg\" alt=\"Esp\u00e9rance de Chavagne\"><br>Esp\u00e9rance de Chavagne<\/span><\/a><\/div>\n<\/div>\n\n\n\n<div id=\"wp-block-themeisle-blocks-button-group-5b157b2d\" class=\"wp-block-themeisle-blocks-button-group collapse-mobile wp-block-buttons align-full-desktop align-center-mobile ticss-4341d7ff\">\n<div id=\"wp-block-themeisle-blocks-button-ad87f1d4\" class=\"wp-block-themeisle-blocks-button wp-block-button is-style-outline ticss-b4406d28\"><a href=\"https:\/\/tiralarcbretagne.fr\/\" target=\"_blank\" rel=\"noopener noreferrer\" class=\"wp-block-button__link\"><span><img decoding=\"async\" class=\"wp-image-6414\" style=\"width: 150px;\" src=\"https:\/\/esperancechavagne.fr\/tiralarc\/wp-content\/uploads\/design\/pages\/ligue-bretagne.png\" alt=\"Ligue Bretagne\"><br>Comit\u00e9 R\u00e9gional de Bretagne<\/span><\/a><\/div>\n\n\n\n<div id=\"wp-block-themeisle-blocks-button-17826e27\" class=\"wp-block-themeisle-blocks-button wp-block-button is-style-outline\"><a href=\"https:\/\/www.cd35tiralarc.com\/\" target=\"_self\" rel=\"noopener noreferrer\" class=\"wp-block-button__link\"><span><img decoding=\"async\" class=\"wp-image-1049\" style=\"width: 150px;\" src=\"https:\/\/esperancechavagne.fr\/tiralarc\/wp-content\/uploads\/design\/pages\/comite-departemental_ille-et-vilaine.png\" alt=\"comite-departemental_ille-et-vilaine.png\"><br>Comit\u00e9 D\u00e9partemental d&rsquo;Ille-et-Vilaine<\/span><\/a><\/div>\n<\/div>\n\n\n\n<div id=\"wp-block-themeisle-blocks-button-group-e40db38b\" class=\"wp-block-themeisle-blocks-button-group collapse-mobile wp-block-buttons align-full-desktop align-center-mobile\">\n<div id=\"wp-block-themeisle-blocks-button-36a7f93d\" class=\"wp-block-themeisle-blocks-button wp-block-button is-style-outline\"><a href=\"https:\/\/www.ffta.fr\/\" target=\"_blank\" rel=\"noopener noreferrer\" class=\"wp-block-button__link\"><span><img decoding=\"async\" class=\"wp-image-6419\" style=\"width: 150px;\" src=\"https:\/\/esperancechavagne.fr\/tiralarc\/wp-content\/uploads\/design\/pages\/FFTA.png\" alt=\"FFTA\"><br>F\u00e9d\u00e9ration Fran\u00e7aise de Tir \u00e0 l&rsquo;Arc<\/span><\/a><\/div>\n\n\n\n<div id=\"wp-block-themeisle-blocks-button-450b56a6\" class=\"wp-block-themeisle-blocks-button wp-block-button is-style-outline\"><a href=\"https:\/\/worldarchery.sport\/\" target=\"_blank\" rel=\"noopener noreferrer\" class=\"wp-block-button__link\"><span><img decoding=\"async\" class=\"wp-image-990\" style=\"width: 150px;\" src=\"https:\/\/esperancechavagne.fr\/tiralarc\/wp-content\/uploads\/design\/pages\/world-archery.png\" alt=\"world-archery.png\"><br>F\u00e9d\u00e9ration International de Tir \u00e0 l&rsquo;Arc<\/span><\/a><\/div>\n<\/div>\n","protected":false},"excerpt":{"rendered":"<p><span class=\"more-link\"><a href=\"https:\/\/esperancechavagne.fr\/tiralarc\/liens\/\">&raquo; Lire la suite &laquo;<\/a><\/span><\/p>\n","protected":false},"author":1,"featured_media":0,"parent":0,"menu_order":0,"comment_status":"closed","ping_status":"closed","template":"","meta":{"_crdt_document":"","ghostkit_customizer_options":"","ghostkit_custom_css":"","ghostkit_custom_js_head":"","ghostkit_custom_js_foot":"","ghostkit_typography":"","_themeisle_gutenberg_block_has_review":false,"footnotes":""},"class_list":["entry","author-damienm","post-2","page","type-page","status-publish"],"_links":{"self":[{"href":"https:\/\/esperancechavagne.fr\/tiralarc\/wp-json\/wp\/v2\/pages\/2","targetHints":{"allow":["GET"]}}],"collection":[{"href":"https:\/\/esperancechavagne.fr\/tiralarc\/wp-json\/wp\/v2\/pages"}],"about":[{"href":"https:\/\/esperancechavagne.fr\/tiralarc\/wp-json\/wp\/v2\/types\/page"}],"author":[{"embeddable":true,"href":"https:\/\/esperancechavagne.fr\/tiralarc\/wp-json\/wp\/v2\/users\/1"}],"replies":[{"embeddable":true,"href":"https:\/\/esperancechavagne.fr\/tiralarc\/wp-json\/wp\/v2\/comments?post=2"}],"version-history":[{"count":28,"href":"https:\/\/esperancechavagne.fr\/tiralarc\/wp-json\/wp\/v2\/pages\/2\/revisions"}],"predecessor-version":[{"id":8370,"href":"https:\/\/esperancechavagne.fr\/tiralarc\/wp-json\/wp\/v2\/pages\/2\/revisions\/8370"}],"wp:attachment":[{"href":"https:\/\/esperancechavagne.fr\/tiralarc\/wp-json\/wp\/v2\/media?parent=2"}],"curies":[{"name":"wp","href":"https:\/\/api.w.org\/{rel}","templated":true}]}}