{"id":1970,"date":"2020-08-26T01:50:00","date_gmt":"2020-08-25T23:50:00","guid":{"rendered":"https:\/\/esperancechavagne.fr\/tiralarc\/?page_id=1970"},"modified":"2024-11-08T13:27:23","modified_gmt":"2024-11-08T12:27:23","slug":"resultats-2020-2021","status":"publish","type":"page","link":"https:\/\/esperancechavagne.fr\/tiralarc\/calendrier-des-concours-a-venir\/resultats-2020-2021\/","title":{"rendered":"R\u00e9sultats 2020-2021"},"content":{"rendered":"\n<div class=\"wp-block-group ghostkit-custom-Z1eruDC\"><div class=\"wp-block-group__inner-container is-layout-flow wp-block-group-is-layout-flow\">\n<div class=\"wp-block-group ghostkit-custom-Z1FhX4q\"><div class=\"wp-block-group__inner-container is-layout-flow wp-block-group-is-layout-flow\">\n<h2 class=\"wp-block-heading\" id=\"palmares\">Palmares<\/h2>\n\n\n\n<div class=\"wp-block-themeisle-blocks-advanced-columns has-3-columns has-desktop-equal-layout has-tablet-equal-layout has-mobile-collapsedRows-layout has-default-gap has-vertical-flex-start\" id=\"wp-block-themeisle-blocks-advanced-columns-03a9a0e6\"><div class=\"wp-block-themeisle-blocks-advanced-columns-overlay\"><\/div><div class=\"innerblocks-wrap\">\n<div class=\"wp-block-themeisle-blocks-advanced-column\" id=\"wp-block-themeisle-blocks-advanced-column-e1dea040\">\n<div class=\"wp-block-group ghostkit-has-frame ghostkit-custom-Z1h0F5C\"><div class=\"wp-block-group__inner-container is-layout-flow wp-block-group-is-layout-flow\">\n<p class=\"wp-block-themeisle-blocks-font-awesome-icons\" id=\"wp-block-themeisle-blocks-font-awesome-icons-8a61aa5a\"><span class=\"wp-block-themeisle-blocks-font-awesome-icons-container\"><i class=\"fas fa-medal\"><\/i><\/span><\/p>\n\n\n\n<p class=\"has-text-align-center has-black-color has-text-color has-background wp-block-paragraph\" style=\"background-color:#c0c0c0\"><strong>Argent<br><\/strong>1<\/p>\n<\/div><\/div>\n<\/div>\n\n\n\n<div class=\"wp-block-themeisle-blocks-advanced-column\" id=\"wp-block-themeisle-blocks-advanced-column-ea98114f\">\n<div class=\"wp-block-group ghostkit-has-frame ghostkit-custom-Z2jtGfA\"><div class=\"wp-block-group__inner-container is-layout-flow wp-block-group-is-layout-flow\">\n<p class=\"wp-block-themeisle-blocks-font-awesome-icons\" id=\"wp-block-themeisle-blocks-font-awesome-icons-6a5a7a76\"><span class=\"wp-block-themeisle-blocks-font-awesome-icons-container\"><i class=\"fas fa-medal\"><\/i><\/span><\/p>\n\n\n\n<p class=\"has-text-align-center has-black-color has-text-color has-background wp-block-paragraph\" style=\"background-color:#ffd700\"><strong>Or<br>4<\/strong><\/p>\n<\/div><\/div>\n<\/div>\n\n\n\n<div class=\"wp-block-themeisle-blocks-advanced-column\" id=\"wp-block-themeisle-blocks-advanced-column-fecdb2ee\"><\/div>\n<\/div><\/div>\n\n\n\n<p class=\"wp-block-paragraph\"><\/p>\n<\/div><\/div>\n<\/div><\/div>\n\n\n\n<div class=\"wp-block-group ghostkit-custom-vPUIt\"><div class=\"wp-block-group__inner-container is-layout-flow wp-block-group-is-layout-flow\">\n<h2 class=\"wp-block-heading\" id=\"resultats-des-concours\">R\u00e9sultats des Concours<\/h2>\n\n\n\n<div class=\"wp-block-image\"><figure class=\"aligncenter size-full\"><a href=\"https:\/\/esperancechavagne.fr\/tiralarc\/wp-content\/uploads\/concours\/2020-2021\/resultats-2020-2021.png\"><img loading=\"lazy\" decoding=\"async\" width=\"544\" height=\"350\" src=\"https:\/\/esperancechavagne.fr\/tiralarc\/wp-content\/uploads\/concours\/2020-2021\/resultats-2020-2021.png\" alt=\"R\u00e9sultats 2020-2021\" class=\"wp-image-4916\" srcset=\"https:\/\/esperancechavagne.fr\/tiralarc\/wp-content\/uploads\/concours\/2020-2021\/resultats-2020-2021.png 544w, https:\/\/esperancechavagne.fr\/tiralarc\/wp-content\/uploads\/concours\/2020-2021\/resultats-2020-2021-340x219.png 340w, https:\/\/esperancechavagne.fr\/tiralarc\/wp-content\/uploads\/concours\/2020-2021\/resultats-2020-2021-465x299.png 465w\" sizes=\"auto, (max-width: 544px) 100vw, 544px\" \/><\/a><\/figure><\/div>\n\n\n\n<div class=\"wp-block-file aligncenter\"><a id=\"wp-block-file--media-a67c08f5-0a24-4438-ac9e-c93c836529c7\" href=\"https:\/\/esperancechavagne.fr\/tiralarc\/wp-content\/uploads\/concours\/2020-2021\/resultats-2020-2021.pdf\">R\u00e9sultats 2020-2021<\/a><a href=\"https:\/\/esperancechavagne.fr\/tiralarc\/wp-content\/uploads\/concours\/2020-2021\/resultats-2020-2021.pdf\" class=\"wp-block-file__button\" download aria-describedby=\"wp-block-file--media-a67c08f5-0a24-4438-ac9e-c93c836529c7\">T\u00e9l\u00e9charger au format *pdf<\/a><\/div>\n<\/div><\/div>\n\n\n\n<div class=\"wp-block-group ghostkit-custom-1QUgNp\"><div class=\"wp-block-group__inner-container is-layout-flow wp-block-group-is-layout-flow\">\n<h2 class=\"wp-block-heading\" id=\"bilan-de-la-saison\">Bilan de la saison<\/h2>\n\n\n\n<ul class=\"wp-block-list\"><li>4 comp\u00e9titeurs<\/li><li>8 participations \u00e0 2 concours 3D<\/li><li>5 podiums<ul><li>4 m\u00e9dailles d&rsquo;Or<\/li><li>1 m\u00e9daille d&rsquo;Argent<\/li><\/ul><\/li><\/ul>\n<\/div><\/div>\n","protected":false},"excerpt":{"rendered":"<p>Palmares R\u00e9sultats des Concours Bilan de la saison 4 comp\u00e9titeurs 8 participations \u00e0 2 concours 3D 5 podiums 4 m\u00e9dailles d&rsquo;Or 1 m\u00e9daille d&rsquo;Argent<span class=\"more-link\"><a href=\"https:\/\/esperancechavagne.fr\/tiralarc\/calendrier-des-concours-a-venir\/resultats-2020-2021\/\">&raquo; Lire la suite &laquo;<\/a><\/span><\/p>\n","protected":false},"author":2,"featured_media":2267,"parent":8596,"menu_order":3,"comment_status":"closed","ping_status":"closed","template":"","meta":{"_crdt_document":"","ghostkit_customizer_options":"","ghostkit_custom_css":"","ghostkit_custom_js_head":"","ghostkit_custom_js_foot":"","ghostkit_typography":"","_themeisle_gutenberg_block_has_review":false,"footnotes":""},"class_list":["entry","author-annesophiem","post-1970","page","type-page","status-publish","has-post-thumbnail"],"_links":{"self":[{"href":"https:\/\/esperancechavagne.fr\/tiralarc\/wp-json\/wp\/v2\/pages\/1970","targetHints":{"allow":["GET"]}}],"collection":[{"href":"https:\/\/esperancechavagne.fr\/tiralarc\/wp-json\/wp\/v2\/pages"}],"about":[{"href":"https:\/\/esperancechavagne.fr\/tiralarc\/wp-json\/wp\/v2\/types\/page"}],"author":[{"embeddable":true,"href":"https:\/\/esperancechavagne.fr\/tiralarc\/wp-json\/wp\/v2\/users\/2"}],"replies":[{"embeddable":true,"href":"https:\/\/esperancechavagne.fr\/tiralarc\/wp-json\/wp\/v2\/comments?post=1970"}],"version-history":[{"count":17,"href":"https:\/\/esperancechavagne.fr\/tiralarc\/wp-json\/wp\/v2\/pages\/1970\/revisions"}],"predecessor-version":[{"id":4925,"href":"https:\/\/esperancechavagne.fr\/tiralarc\/wp-json\/wp\/v2\/pages\/1970\/revisions\/4925"}],"up":[{"embeddable":true,"href":"https:\/\/esperancechavagne.fr\/tiralarc\/wp-json\/wp\/v2\/pages\/8596"}],"wp:featuredmedia":[{"embeddable":true,"href":"https:\/\/esperancechavagne.fr\/tiralarc\/wp-json\/wp\/v2\/media\/2267"}],"wp:attachment":[{"href":"https:\/\/esperancechavagne.fr\/tiralarc\/wp-json\/wp\/v2\/media?parent=1970"}],"curies":[{"name":"wp","href":"https:\/\/api.w.org\/{rel}","templated":true}]}}